{"id":792,"date":"2019-07-01T14:19:10","date_gmt":"2019-07-01T13:19:10","guid":{"rendered":"https:\/\/roellin-racing-shop.ch\/?post_type=product&#038;p=792"},"modified":"2024-09-09T20:50:49","modified_gmt":"2024-09-09T18:50:49","slug":"e92-gfk-tueren","status":"publish","type":"product","link":"https:\/\/roellin-racing-shop.ch\/?product=e92-gfk-tueren","title":{"rendered":"E92 GFK T\u00fcren"},"content":{"rendered":"<p>BMW E92 T\u00fcren aus GFK.<br \/>\nF\u00fcr die Montage muss zwingend ein \u00dcberrollk\u00e4fig mit doppeltem Flankenschutz verwendet werden.<\/p>\n<p>Set bestehend aus 2 T\u00fcren.<\/p>\n<p>Anpassungen sind notwendig. Sie m\u00fcssen lackiert werden.<br \/>\nEs m\u00fcssen Polycarbonat Scheiben verwendet werden.<\/p>\n<p>&nbsp;<\/p>\n<p>Vom DTC gepr\u00fcftes Material.<br \/>\nAchtung f\u00fcr die Eintragung, ab 2007 muss zus\u00e4tzlich am entsprechenden Fahrzeug eine Seitenaufprallpr\u00fcfung gemacht werden. Diese ist bei dem Artikel nicht mitinbegriffen und muss selbst durchgef\u00fchrt werden.<\/p>\n<p>&nbsp;<\/p>\n<p>Wichtig, all unsere Teile werden auf Anfrage gefertigt, dies kann deshalb ca. 5-6Wochen dauern.<\/p>\n","protected":false},"excerpt":{"rendered":"<p>BMW E92 T\u00fcren aus GFK. F\u00fcr die Montage muss zwingend ein \u00dcberrollk\u00e4fig mit doppeltem Flankenschutz verwendet werden. Set bestehend aus 2 T\u00fcren. Anpassungen sind notwendig. Sie m\u00fcssen lackiert werden. Es m\u00fcssen Polycarbonat Scheiben verwendet werden. &nbsp; Vom DTC gepr\u00fcftes Material. Achtung f\u00fcr die Eintragung, ab 2007 muss zus\u00e4tzlich am entsprechenden Fahrzeug eine Seitenaufprallpr\u00fcfung gemacht werden. [&hellip;]<\/p>\n","protected":false},"featured_media":1840,"template":"","meta":[],"product_brand":[],"product_cat":[63],"product_tag":[],"class_list":{"0":"post-792","1":"product","2":"type-product","3":"status-publish","4":"has-post-thumbnail","6":"product_cat-e92-coupe","7":"product_shipping_class-sperrgut","9":"first","10":"instock","11":"taxable","12":"shipping-taxable","13":"purchasable","14":"product-type-simple"},"_links":{"self":[{"href":"https:\/\/roellin-racing-shop.ch\/index.php?rest_route=\/wp\/v2\/product\/792","targetHints":{"allow":["GET"]}}],"collection":[{"href":"https:\/\/roellin-racing-shop.ch\/index.php?rest_route=\/wp\/v2\/product"}],"about":[{"href":"https:\/\/roellin-racing-shop.ch\/index.php?rest_route=\/wp\/v2\/types\/product"}],"wp:featuredmedia":[{"embeddable":true,"href":"https:\/\/roellin-racing-shop.ch\/index.php?rest_route=\/wp\/v2\/media\/1840"}],"wp:attachment":[{"href":"https:\/\/roellin-racing-shop.ch\/index.php?rest_route=%2Fwp%2Fv2%2Fmedia&parent=792"}],"wp:term":[{"taxonomy":"product_brand","embeddable":true,"href":"https:\/\/roellin-racing-shop.ch\/index.php?rest_route=%2Fwp%2Fv2%2Fproduct_brand&post=792"},{"taxonomy":"product_cat","embeddable":true,"href":"https:\/\/roellin-racing-shop.ch\/index.php?rest_route=%2Fwp%2Fv2%2Fproduct_cat&post=792"},{"taxonomy":"product_tag","embeddable":true,"href":"https:\/\/roellin-racing-shop.ch\/index.php?rest_route=%2Fwp%2Fv2%2Fproduct_tag&post=792"}],"curies":[{"name":"wp","href":"https:\/\/api.w.org\/{rel}","templated":true}]}}

E92 GFK Türen

<p>BMW E92 Türen aus GFK.<br />
Für die Montage muss zwingend ein Überrollkäfig mit doppeltem Flankenschutz verwendet werden.</p>
<p>Set bestehend aus 2 Türen.</p>
<p>Anpassungen sind notwendig. Sie müssen lackiert werden.<br />
Es müssen Polycarbonat Scheiben verwendet werden.</p>
<p>&nbsp;</p>
<p>Vom DTC geprüftes Material.<br />
Achtung für die Eintragung, ab 2007 muss zusätzlich am entsprechenden Fahrzeug eine Seitenaufprallprüfung gemacht werden. Diese ist bei dem Artikel nicht mitinbegriffen und muss selbst durchgeführt werden.</p>
<p>&nbsp;</p>
<p>Wichtig, all unsere Teile werden auf Anfrage gefertigt, dies kann deshalb ca. 5-6Wochen dauern.</p>

<p>BMW E92 Türen aus GFK. Für die Montage muss zwingend ein Überrollkäfig mit doppeltem Flankenschutz verwendet werden. Set bestehend aus 2 Türen. Anpassungen sind notwendig. Sie müssen lackiert werden. Es müssen Polycarbonat Scheiben verwendet werden. &nbsp; Vom DTC geprüftes Material. Achtung für die Eintragung, ab 2007 muss zusätzlich am entsprechenden Fahrzeug eine Seitenaufprallprüfung gemacht werden. [&hellip;]</p>
