{"id":768,"date":"2019-07-01T14:01:56","date_gmt":"2019-07-01T13:01:56","guid":{"rendered":"https:\/\/roellin-racing-shop.ch\/?post_type=product&#038;p=768"},"modified":"2024-09-09T20:54:29","modified_gmt":"2024-09-09T18:54:29","slug":"e30-gfk-tueren","status":"publish","type":"product","link":"https:\/\/roellin-racing-shop.ch\/?product=e30-gfk-tueren","title":{"rendered":"E30 GFK T\u00fcren"},"content":{"rendered":"<p>BMW E30 T\u00fcren aus GFK, super leicht. Set bestehend aus 2 St\u00fcck.<br \/>\nF\u00fcr T\u00fcren aus GFK wird ein \u00dcberrollk\u00e4fig mit Flankenschutz vorgeschrieben.<\/p>\n<p>Sie werden neu und unlakiert geliefert. Mit Befestigungspunkten, Anpassungen sind notwendig.<\/p>\n<p>Vom DTC gepr\u00fcftes Material. Mit CH Gutachten und somit im Strassenverkehr eintragbar.<\/p>\n<p>&nbsp;<\/p>\n<p>Falls Makrolon Fenster dazu ben\u00f6tigt werden, bitte melden.<\/p>\n<p>&nbsp;<\/p>\n<p>Wichtig, alle unsere Teile werden auf Anfrage gefertigt, dies kann deshalb ca. 5-6Wochen dauern.<\/p>\n","protected":false},"excerpt":{"rendered":"<p>BMW E30 T\u00fcren aus GFK, super leicht. Set bestehend aus 2 St\u00fcck. F\u00fcr T\u00fcren aus GFK wird ein \u00dcberrollk\u00e4fig mit Flankenschutz vorgeschrieben. Sie werden neu und unlakiert geliefert. Mit Befestigungspunkten, Anpassungen sind notwendig. Vom DTC gepr\u00fcftes Material. Mit CH Gutachten und somit im Strassenverkehr eintragbar. &nbsp; Falls Makrolon Fenster dazu ben\u00f6tigt werden, bitte melden. &nbsp; [&hellip;]<\/p>\n","protected":false},"featured_media":1855,"template":"","meta":[],"product_brand":[],"product_cat":[58],"product_tag":[],"class_list":{"0":"post-768","1":"product","2":"type-product","3":"status-publish","4":"has-post-thumbnail","6":"product_cat-e30-coupe","7":"product_shipping_class-sperrgut","9":"first","10":"instock","11":"taxable","12":"shipping-taxable","13":"purchasable","14":"product-type-simple"},"_links":{"self":[{"href":"https:\/\/roellin-racing-shop.ch\/index.php?rest_route=\/wp\/v2\/product\/768","targetHints":{"allow":["GET"]}}],"collection":[{"href":"https:\/\/roellin-racing-shop.ch\/index.php?rest_route=\/wp\/v2\/product"}],"about":[{"href":"https:\/\/roellin-racing-shop.ch\/index.php?rest_route=\/wp\/v2\/types\/product"}],"wp:featuredmedia":[{"embeddable":true,"href":"https:\/\/roellin-racing-shop.ch\/index.php?rest_route=\/wp\/v2\/media\/1855"}],"wp:attachment":[{"href":"https:\/\/roellin-racing-shop.ch\/index.php?rest_route=%2Fwp%2Fv2%2Fmedia&parent=768"}],"wp:term":[{"taxonomy":"product_brand","embeddable":true,"href":"https:\/\/roellin-racing-shop.ch\/index.php?rest_route=%2Fwp%2Fv2%2Fproduct_brand&post=768"},{"taxonomy":"product_cat","embeddable":true,"href":"https:\/\/roellin-racing-shop.ch\/index.php?rest_route=%2Fwp%2Fv2%2Fproduct_cat&post=768"},{"taxonomy":"product_tag","embeddable":true,"href":"https:\/\/roellin-racing-shop.ch\/index.php?rest_route=%2Fwp%2Fv2%2Fproduct_tag&post=768"}],"curies":[{"name":"wp","href":"https:\/\/api.w.org\/{rel}","templated":true}]}}