{"id":691,"date":"2019-06-24T13:36:01","date_gmt":"2019-06-24T12:36:01","guid":{"rendered":"https:\/\/roellin-racing-shop.ch\/?post_type=product&#038;p=691"},"modified":"2024-09-10T17:07:37","modified_gmt":"2024-09-10T15:07:37","slug":"127-gfk-tueren","status":"publish","type":"product","link":"https:\/\/roellin-racing-shop.ch\/?product=127-gfk-tueren","title":{"rendered":"127 GFK T\u00fcren"},"content":{"rendered":"<p>Fiat 127 T\u00fcren aus GFK, super leicht. Set bestehend aus 2 St\u00fcck.<br \/>\nF\u00fcr T\u00fcren aus GFK wird ein \u00dcberrollk\u00e4fig mit Flankenschutz vorgeschrieben.<\/p>\n<p>Sie werden neu und unlackiert geliefert. Ohne Befestigungspunkte Anpassungen sind notwendig.<\/p>\n<p>Vom DTC gepr\u00fcftes Material. Mit CH Gutachten und somit im Strassenverkehr eintragbar.<\/p>\n<p>&nbsp;<\/p>\n<p>Falls Makrolon Fenster dazu ben\u00f6tigt werden, bitte melden.<\/p>\n<p>&nbsp;<\/p>\n<p>Wichtig, alle unsere Teile werden auf Anfrage gefertigt, dies kann deshalb ca. 5-6Wochen dauern.<\/p>\n","protected":false},"excerpt":{"rendered":"<p>Fiat 127 T\u00fcren aus GFK, super leicht. Set bestehend aus 2 St\u00fcck. F\u00fcr T\u00fcren aus GFK wird ein \u00dcberrollk\u00e4fig mit Flankenschutz vorgeschrieben. Sie werden neu und unlackiert geliefert. Ohne Befestigungspunkte Anpassungen sind notwendig. Vom DTC gepr\u00fcftes Material. Mit CH Gutachten und somit im Strassenverkehr eintragbar. &nbsp; Falls Makrolon Fenster dazu ben\u00f6tigt werden, bitte melden. &nbsp; [&hellip;]<\/p>\n","protected":false},"featured_media":1889,"template":"","meta":[],"product_brand":[],"product_cat":[97],"product_tag":[],"class_list":{"0":"post-691","1":"product","2":"type-product","3":"status-publish","4":"has-post-thumbnail","6":"product_cat-97","7":"product_shipping_class-sperrgut","9":"first","10":"instock","11":"taxable","12":"shipping-taxable","13":"purchasable","14":"product-type-simple"},"_links":{"self":[{"href":"https:\/\/roellin-racing-shop.ch\/index.php?rest_route=\/wp\/v2\/product\/691","targetHints":{"allow":["GET"]}}],"collection":[{"href":"https:\/\/roellin-racing-shop.ch\/index.php?rest_route=\/wp\/v2\/product"}],"about":[{"href":"https:\/\/roellin-racing-shop.ch\/index.php?rest_route=\/wp\/v2\/types\/product"}],"wp:featuredmedia":[{"embeddable":true,"href":"https:\/\/roellin-racing-shop.ch\/index.php?rest_route=\/wp\/v2\/media\/1889"}],"wp:attachment":[{"href":"https:\/\/roellin-racing-shop.ch\/index.php?rest_route=%2Fwp%2Fv2%2Fmedia&parent=691"}],"wp:term":[{"taxonomy":"product_brand","embeddable":true,"href":"https:\/\/roellin-racing-shop.ch\/index.php?rest_route=%2Fwp%2Fv2%2Fproduct_brand&post=691"},{"taxonomy":"product_cat","embeddable":true,"href":"https:\/\/roellin-racing-shop.ch\/index.php?rest_route=%2Fwp%2Fv2%2Fproduct_cat&post=691"},{"taxonomy":"product_tag","embeddable":true,"href":"https:\/\/roellin-racing-shop.ch\/index.php?rest_route=%2Fwp%2Fv2%2Fproduct_tag&post=691"}],"curies":[{"name":"wp","href":"https:\/\/api.w.org\/{rel}","templated":true}]}}