{"id":1408,"date":"2020-07-02T12:41:35","date_gmt":"2020-07-02T11:41:35","guid":{"rendered":"https:\/\/roellin-racing-shop.ch\/?post_type=product&#038;p=1408"},"modified":"2024-09-09T20:46:23","modified_gmt":"2024-09-09T18:46:23","slug":"964-965-gfk-heckklappe-mit-3-8-rs-spoiler","status":"publish","type":"product","link":"https:\/\/roellin-racing-shop.ch\/?product=964-965-gfk-heckklappe-mit-3-8-rs-spoiler","title":{"rendered":"964 \/ 965 GFK Heckklappe mit 3.8 RS Spoiler"},"content":{"rendered":"<p>Porsche 964 \/ 965 Heckklappe mit 3.8 RS Spoiler aus GFK Passend zwischen 1989 &#8211; 1994<\/p>\n<p>Wird neu und unlackiert geliefert. Anpassungen sind notwendig.<\/p>\n<p>Falls ein passendes Lufteinlassgitter ben\u00f6tigt wird, bitte melden!<\/p>\n<p>&nbsp;<\/p>\n<p>Hinweis: Das Produktbild ist universell, f\u00fcr Detailbilder des Artikels melde dich bitte \u00fcber das Kontaktformular.<\/p>\n<p>&nbsp;<\/p>\n<p>Vom DTC gepr\u00fcftes Material. Mit CH Gutachten und somit im Strassenverkehr eintragbar.<\/p>\n<p>&nbsp;<\/p>\n<p>Wichtig, wie bei all unseren Teilen werden die Teile auf Anfrage gefertigt, dies kann deshalb ca 5-6Wochen dauern.<\/p>\n","protected":false},"excerpt":{"rendered":"<p>Porsche 964 \/ 965 Heckklappe mit 3.8 RS Spoiler aus GFK Passend zwischen 1989 &#8211; 1994 Wird neu und unlackiert geliefert. Anpassungen sind notwendig. Falls ein passendes Lufteinlassgitter ben\u00f6tigt wird, bitte melden! &nbsp; Hinweis: Das Produktbild ist universell, f\u00fcr Detailbilder des Artikels melde dich bitte \u00fcber das Kontaktformular. &nbsp; Vom DTC gepr\u00fcftes Material. Mit CH [&hellip;]<\/p>\n","protected":false},"featured_media":1835,"template":"","meta":[],"product_brand":[],"product_cat":[42],"product_tag":[],"class_list":{"0":"post-1408","1":"product","2":"type-product","3":"status-publish","4":"has-post-thumbnail","6":"product_cat-964-965","7":"product_shipping_class-sperrgut","9":"first","10":"instock","11":"taxable","12":"shipping-taxable","13":"purchasable","14":"product-type-simple"},"_links":{"self":[{"href":"https:\/\/roellin-racing-shop.ch\/index.php?rest_route=\/wp\/v2\/product\/1408","targetHints":{"allow":["GET"]}}],"collection":[{"href":"https:\/\/roellin-racing-shop.ch\/index.php?rest_route=\/wp\/v2\/product"}],"about":[{"href":"https:\/\/roellin-racing-shop.ch\/index.php?rest_route=\/wp\/v2\/types\/product"}],"wp:featuredmedia":[{"embeddable":true,"href":"https:\/\/roellin-racing-shop.ch\/index.php?rest_route=\/wp\/v2\/media\/1835"}],"wp:attachment":[{"href":"https:\/\/roellin-racing-shop.ch\/index.php?rest_route=%2Fwp%2Fv2%2Fmedia&parent=1408"}],"wp:term":[{"taxonomy":"product_brand","embeddable":true,"href":"https:\/\/roellin-racing-shop.ch\/index.php?rest_route=%2Fwp%2Fv2%2Fproduct_brand&post=1408"},{"taxonomy":"product_cat","embeddable":true,"href":"https:\/\/roellin-racing-shop.ch\/index.php?rest_route=%2Fwp%2Fv2%2Fproduct_cat&post=1408"},{"taxonomy":"product_tag","embeddable":true,"href":"https:\/\/roellin-racing-shop.ch\/index.php?rest_route=%2Fwp%2Fv2%2Fproduct_tag&post=1408"}],"curies":[{"name":"wp","href":"https:\/\/api.w.org\/{rel}","templated":true}]}}