{"id":1400,"date":"2020-07-02T11:54:25","date_gmt":"2020-07-02T10:54:25","guid":{"rendered":"https:\/\/roellin-racing-shop.ch\/?post_type=product&#038;p=1400"},"modified":"2024-09-09T20:27:36","modified_gmt":"2024-09-09T18:27:36","slug":"911-2-8-rsr-breitbaukit","status":"publish","type":"product","link":"https:\/\/roellin-racing-shop.ch\/?product=911-2-8-rsr-breitbaukit","title":{"rendered":"911 2.8 RSR GFK Breitbaukit"},"content":{"rendered":"<p>Porsche 911 2.8 RSR Breitbaukit aus GFK. 4-Teilig f\u00fcr F Modelle 1965-1973<\/p>\n<p>(Kotfl\u00fcgelverbreiterungen vorne und hinten)<\/p>\n<p>Hinweis: f\u00fcr Detailbilder des Artikels melde dich bitte \u00fcber das Kontaktformular.<\/p>\n<p>Wird neu und unlackiert geliefert. Anpassungen sind notwendig.<\/p>\n<p>Vom DTC gepr\u00fcftes Material. Mit CH Gutachten und somit im Strassenverkehr eintragbar.<\/p>\n<p>&nbsp;<\/p>\n<p>Wichtig, alle unsere Teile werden auf Anfrage gefertigt, dies kann deshalb ca. 5-6Wochen dauern.<\/p>\n","protected":false},"excerpt":{"rendered":"<p>Porsche 911 2.8 RSR Breitbaukit aus GFK. 4-Teilig f\u00fcr F Modelle 1965-1973 (Kotfl\u00fcgelverbreiterungen vorne und hinten) Hinweis: f\u00fcr Detailbilder des Artikels melde dich bitte \u00fcber das Kontaktformular. Wird neu und unlackiert geliefert. Anpassungen sind notwendig. Vom DTC gepr\u00fcftes Material. Mit CH Gutachten und somit im Strassenverkehr eintragbar. &nbsp; Wichtig, alle unsere Teile werden auf Anfrage [&hellip;]<\/p>\n","protected":false},"featured_media":1821,"template":"","meta":[],"product_brand":[],"product_cat":[35],"product_tag":[],"class_list":{"0":"post-1400","1":"product","2":"type-product","3":"status-publish","4":"has-post-thumbnail","6":"product_cat-35","7":"product_shipping_class-sperrgut","9":"first","10":"instock","11":"taxable","12":"shipping-taxable","13":"purchasable","14":"product-type-simple"},"_links":{"self":[{"href":"https:\/\/roellin-racing-shop.ch\/index.php?rest_route=\/wp\/v2\/product\/1400","targetHints":{"allow":["GET"]}}],"collection":[{"href":"https:\/\/roellin-racing-shop.ch\/index.php?rest_route=\/wp\/v2\/product"}],"about":[{"href":"https:\/\/roellin-racing-shop.ch\/index.php?rest_route=\/wp\/v2\/types\/product"}],"wp:featuredmedia":[{"embeddable":true,"href":"https:\/\/roellin-racing-shop.ch\/index.php?rest_route=\/wp\/v2\/media\/1821"}],"wp:attachment":[{"href":"https:\/\/roellin-racing-shop.ch\/index.php?rest_route=%2Fwp%2Fv2%2Fmedia&parent=1400"}],"wp:term":[{"taxonomy":"product_brand","embeddable":true,"href":"https:\/\/roellin-racing-shop.ch\/index.php?rest_route=%2Fwp%2Fv2%2Fproduct_brand&post=1400"},{"taxonomy":"product_cat","embeddable":true,"href":"https:\/\/roellin-racing-shop.ch\/index.php?rest_route=%2Fwp%2Fv2%2Fproduct_cat&post=1400"},{"taxonomy":"product_tag","embeddable":true,"href":"https:\/\/roellin-racing-shop.ch\/index.php?rest_route=%2Fwp%2Fv2%2Fproduct_tag&post=1400"}],"curies":[{"name":"wp","href":"https:\/\/api.w.org\/{rel}","templated":true}]}}